{"id":30,"date":"2024-10-24T22:15:06","date_gmt":"2024-10-24T20:15:06","guid":{"rendered":"http:\/\/fehu-nowosad.com\/?page_id=30"},"modified":"2024-10-27T18:24:16","modified_gmt":"2024-10-27T17:24:16","slug":"doradztwo-i-przygotowanie-dokumentacji-aplikacyjnej","status":"publish","type":"page","link":"https:\/\/fehu-nowosad.com\/?page_id=30","title":{"rendered":"Doradztwo i przygotowanie dokumentacji aplikacyjnej"},"content":{"rendered":"\n<div class=\"wp-block-group alignfull has-accent-background-color has-background has-global-padding is-layout-constrained wp-container-core-group-is-layout-669513ed wp-block-group-is-layout-constrained\" style=\"margin-top:0;margin-bottom:0;padding-top:var(--wp--preset--spacing--50);padding-right:var(--wp--preset--spacing--50);padding-bottom:var(--wp--preset--spacing--50);padding-left:var(--wp--preset--spacing--50)\">\n<div class=\"wp-block-columns alignwide is-layout-flex wp-container-core-columns-is-layout-1da03c2a wp-block-columns-is-layout-flex\">\n<div class=\"wp-block-column is-vertically-aligned-stretch is-layout-flow wp-block-column-is-layout-flow\" style=\"flex-basis:50%\">\n<div class=\"wp-block-group is-vertical is-content-justification-stretch is-layout-flex wp-container-core-group-is-layout-444d5ee8 wp-block-group-is-layout-flex\" style=\"min-height:100%\">\n<p class=\"has-heading-font-family has-x-large-font-size\" style=\"line-height:1.2\">Oferujemy pe\u0142ne wsparcie<\/p>\n\n\n\n<p class=\"has-small-font-size\">FEHU Pawe\u0142 Nowosad oferuje pe\u0142ne wsparcie na ka\u017cdym etapie przygotowywania wniosk\u00f3w o dofinansowanie z KPO oraz innych program\u00f3w unijnych i krajowych. Nasze us\u0142ugi obejmuj\u0105:<\/p>\n\n\n\n<p class=\"has-small-font-size\">&#8211; Ocena projekt\u00f3w: Na pocz\u0105tku wsp\u00f3\u0142pracy dokonujemy dok\u0142adnej analizy projekt\u00f3w, aby oceni\u0107 ich innowacyjno\u015b\u0107 oraz potencja\u0142 do uzyskania dofinansowania. Weryfikujemy, czy projekt spe\u0142nia wymagania dost\u0119pnych program\u00f3w oraz identyfikujemy mo\u017cliwe \u017ar\u00f3d\u0142a finansowania.<\/p>\n\n\n\n<p class=\"has-small-font-size\">&#8211; Przygotowanie dokumentacji: Oferujemy pe\u0142ne wsparcie w przygotowywaniu wszelkiej dokumentacji aplikacyjnej, w tym:<\/p>\n\n\n\n<p class=\"has-small-font-size\">&#8211; Tworzenie biznesplan\u00f3w,<\/p>\n\n\n\n<p class=\"has-small-font-size\">&nbsp; &#8211; Studia wykonalno\u015bci,<\/p>\n\n\n\n<p class=\"has-small-font-size\">&nbsp; &#8211; Opracowanie szczeg\u00f3\u0142owych harmonogram\u00f3w,<\/p>\n\n\n\n<p class=\"has-small-font-size\">&nbsp; &#8211; Analizy finansowe dostosowane do wymog\u00f3w funduszy unijnych.<\/p>\n\n\n\n<p class=\"has-small-font-size\">&#8211; Weryfikacja formalna i merytoryczna: Sprawdzamy, czy wszystkie dokumenty spe\u0142niaj\u0105 wymagania formalne oraz merytoryczne, minimalizuj\u0105c ryzyko odrzucenia wniosku przez instytucje oceniaj\u0105ce.<\/p>\n\n\n\n<div class=\"wp-block-buttons is-layout-flex wp-block-buttons-is-layout-flex\">\n<div class=\"wp-block-button\"><a class=\"wp-block-button__link wp-element-button\" href=\"http:\/\/fehu-nowosad.com\/?page_id=17\" style=\"border-radius:0px\">Napisz do nas<\/a><\/div>\n<\/div>\n<\/div>\n<\/div>\n\n\n\n<div class=\"wp-block-column is-vertically-aligned-center is-layout-flow wp-block-column-is-layout-flow\" style=\"flex-basis:50%\">\n<figure class=\"wp-block-image size-large is-resized has-custom-border is-style-rounded wp-duotone-unset-2 is-style-rounded--1\"><img loading=\"lazy\" decoding=\"async\" width=\"819\" height=\"1024\" src=\"http:\/\/fehu-nowosad.com\/wp-content\/uploads\/2024\/10\/low_Doradztwo-i-przygotowanie-dokumentacji-aplikacyjnej-819x1024.jpg\" alt=\"\" class=\"wp-image-28\" style=\"border-style:none;border-width:0px;border-radius:0px;aspect-ratio:0.75;object-fit:cover;width:595px;height:auto\" srcset=\"https:\/\/fehu-nowosad.com\/wp-content\/uploads\/2024\/10\/low_Doradztwo-i-przygotowanie-dokumentacji-aplikacyjnej-819x1024.jpg 819w, https:\/\/fehu-nowosad.com\/wp-content\/uploads\/2024\/10\/low_Doradztwo-i-przygotowanie-dokumentacji-aplikacyjnej-240x300.jpg 240w, https:\/\/fehu-nowosad.com\/wp-content\/uploads\/2024\/10\/low_Doradztwo-i-przygotowanie-dokumentacji-aplikacyjnej-768x960.jpg 768w, https:\/\/fehu-nowosad.com\/wp-content\/uploads\/2024\/10\/low_Doradztwo-i-przygotowanie-dokumentacji-aplikacyjnej.jpg 900w\" sizes=\"auto, (max-width: 819px) 100vw, 819px\" \/><\/figure>\n<\/div>\n<\/div>\n<\/div>\n\n\n\n<p><\/p>\n","protected":false},"excerpt":{"rendered":"<p>Oferujemy pe\u0142ne wsparcie FEHU Pawe\u0142 Nowosad oferuje pe\u0142ne wsparcie na ka\u017cdym etapie przygotowywania wniosk\u00f3w o dofinansowanie z KPO oraz innych program\u00f3w unijnych i krajowych. Nasze us\u0142ugi obejmuj\u0105: &#8211; Ocena projekt\u00f3w: Na pocz\u0105tku wsp\u00f3\u0142pracy dokonujemy dok\u0142adnej analizy projekt\u00f3w, aby oceni\u0107 ich innowacyjno\u015b\u0107 oraz potencja\u0142 do uzyskania dofinansowania. Weryfikujemy, czy projekt spe\u0142nia wymagania dost\u0119pnych program\u00f3w oraz identyfikujemy [&hellip;]<\/p>\n","protected":false},"author":1,"featured_media":0,"parent":0,"menu_order":0,"comment_status":"closed","ping_status":"closed","template":"","meta":{"_uag_custom_page_level_css":"","footnotes":""},"class_list":["post-30","page","type-page","status-publish","hentry"],"uagb_featured_image_src":{"full":false,"thumbnail":false,"medium":false,"medium_large":false,"large":false,"1536x1536":false,"2048x2048":false},"uagb_author_info":{"display_name":"admin","author_link":"https:\/\/fehu-nowosad.com\/?author=1"},"uagb_comment_info":0,"uagb_excerpt":"Oferujemy pe\u0142ne wsparcie FEHU Pawe\u0142 Nowosad oferuje pe\u0142ne wsparcie na ka\u017cdym etapie przygotowywania wniosk\u00f3w o dofinansowanie z KPO oraz innych program\u00f3w unijnych i krajowych. Nasze us\u0142ugi obejmuj\u0105: &#8211; Ocena projekt\u00f3w: Na pocz\u0105tku wsp\u00f3\u0142pracy dokonujemy dok\u0142adnej analizy projekt\u00f3w, aby oceni\u0107 ich innowacyjno\u015b\u0107 oraz potencja\u0142 do uzyskania dofinansowania. Weryfikujemy, czy projekt spe\u0142nia wymagania dost\u0119pnych program\u00f3w oraz identyfikujemy&hellip;","_links":{"self":[{"href":"https:\/\/fehu-nowosad.com\/index.php?rest_route=\/wp\/v2\/pages\/30","targetHints":{"allow":["GET"]}}],"collection":[{"href":"https:\/\/fehu-nowosad.com\/index.php?rest_route=\/wp\/v2\/pages"}],"about":[{"href":"https:\/\/fehu-nowosad.com\/index.php?rest_route=\/wp\/v2\/types\/page"}],"author":[{"embeddable":true,"href":"https:\/\/fehu-nowosad.com\/index.php?rest_route=\/wp\/v2\/users\/1"}],"replies":[{"embeddable":true,"href":"https:\/\/fehu-nowosad.com\/index.php?rest_route=%2Fwp%2Fv2%2Fcomments&post=30"}],"version-history":[{"count":7,"href":"https:\/\/fehu-nowosad.com\/index.php?rest_route=\/wp\/v2\/pages\/30\/revisions"}],"predecessor-version":[{"id":226,"href":"https:\/\/fehu-nowosad.com\/index.php?rest_route=\/wp\/v2\/pages\/30\/revisions\/226"}],"wp:attachment":[{"href":"https:\/\/fehu-nowosad.com\/index.php?rest_route=%2Fwp%2Fv2%2Fmedia&parent=30"}],"curies":[{"name":"wp","href":"https:\/\/api.w.org\/{rel}","templated":true}]}}