{"id":34,"date":"2024-10-24T22:16:10","date_gmt":"2024-10-24T20:16:10","guid":{"rendered":"http:\/\/fehu-nowosad.com\/?page_id=34"},"modified":"2024-10-28T10:36:27","modified_gmt":"2024-10-28T09:36:27","slug":"stale-doradztwo-projektowe","status":"publish","type":"page","link":"https:\/\/fehu-nowosad.com\/?page_id=34","title":{"rendered":"Sta\u0142e doradztwo projektowe"},"content":{"rendered":"\n<div class=\"wp-block-group alignfull has-accent-background-color has-background has-global-padding is-layout-constrained wp-container-core-group-is-layout-669513ed wp-block-group-is-layout-constrained\" style=\"margin-top:0;margin-bottom:0;padding-top:var(--wp--preset--spacing--50);padding-right:var(--wp--preset--spacing--50);padding-bottom:var(--wp--preset--spacing--50);padding-left:var(--wp--preset--spacing--50)\">\n<div class=\"wp-block-columns alignwide is-layout-flex wp-container-core-columns-is-layout-1da03c2a wp-block-columns-is-layout-flex\">\n<div class=\"wp-block-column is-vertically-aligned-stretch is-layout-flow wp-block-column-is-layout-flow\" style=\"flex-basis:50%\">\n<div class=\"wp-block-group is-vertical is-content-justification-stretch is-layout-flex wp-container-core-group-is-layout-444d5ee8 wp-block-group-is-layout-flex\" style=\"min-height:100%\">\n<p class=\"has-heading-font-family has-x-large-font-size\" style=\"line-height:1.2\">Oferuje wsparcie na ka\u017cdym etapie realizacji projektu.<\/p>\n\n\n\n<p class=\"has-small-font-size\">FEHU Pawe\u0142 Nowosad oferuje wsparcie na ka\u017cdym etapie realizacji projektu, dostosowuj\u0105c nasze dzia\u0142ania do indywidualnych potrzeb klienta. Zakres obowi\u0105zk\u00f3w w ramach sta\u0142ego doradztwa obejmuje:<\/p>\n\n\n\n<p class=\"has-small-font-size\">&#8211; Propozycje nowych projekt\u00f3w: \u015awiadczymy doradztwo w zakresie identyfikacji nowych temat\u00f3w projektowych, z uwzgl\u0119dnieniem wymaga\u0144 dost\u0119pnych konkurs\u00f3w&nbsp;<\/p>\n\n\n\n<p class=\"has-small-font-size\">&#8211; Analiza ryzyka: Oceniamy ryzyko zwi\u0105zane z realizacj\u0105 i wdra\u017caniem projekt\u00f3w, co pozwala na minimalizacj\u0119 zagro\u017ce\u0144.<\/p>\n\n\n\n<p class=\"has-small-font-size\">&#8211; Doradztwo personalne: Pomagamy w budowie zespo\u0142\u00f3w badawczych oraz projektowych, dobieraj\u0105c odpowiednie kompetencje do realizacji zada\u0144.<\/p>\n\n\n\n<p class=\"has-small-font-size\">&#8211; Sta\u0142a weryfikacja projekt\u00f3w: Regularnie analizujemy przekazywane propozycje projektowe oraz proponujemy nowe kierunki dzia\u0142a\u0144.<\/p>\n\n\n\n<p class=\"has-small-font-size\">&#8211; Modelowanie realizacji projekt\u00f3w: Przygotowujemy projekty zgodnie z wymogami konkursowymi oraz planowanymi wynikami, co zwi\u0119ksza ich szans\u0119 na uzyskanie dofinansowania.<\/p>\n\n\n\n<p class=\"has-small-font-size\">&#8211; Dost\u0119pno\u015b\u0107 doradcy: Zapewniamy sta\u0142y dost\u0119p do naszych ekspert\u00f3w na ka\u017cdym etapie realizacji projektu, gwarantuj\u0105c wsparcie w kluczowych momentach.<\/p>\n\n\n\n<div class=\"wp-block-buttons is-layout-flex wp-block-buttons-is-layout-flex\">\n<div class=\"wp-block-button\"><a class=\"wp-block-button__link wp-element-button\" href=\"http:\/\/fehu-nowosad.com\/?page_id=17\" style=\"border-radius:0px\">Napisz do nas<\/a><\/div>\n<\/div>\n<\/div>\n<\/div>\n\n\n\n<div class=\"wp-block-column is-vertically-aligned-center is-layout-flow wp-block-column-is-layout-flow\" style=\"flex-basis:50%\">\n<figure class=\"wp-block-image size-large has-custom-border is-style-rounded wp-duotone-unset-2 is-style-rounded--1\"><img loading=\"lazy\" decoding=\"async\" width=\"819\" height=\"1024\" src=\"http:\/\/fehu-nowosad.com\/wp-content\/uploads\/2024\/10\/low_Stale-doradztwo-projektowe-819x1024.jpg\" alt=\"\" class=\"wp-image-284\" style=\"border-radius:0px;aspect-ratio:3\/4;object-fit:cover\" srcset=\"https:\/\/fehu-nowosad.com\/wp-content\/uploads\/2024\/10\/low_Stale-doradztwo-projektowe-819x1024.jpg 819w, https:\/\/fehu-nowosad.com\/wp-content\/uploads\/2024\/10\/low_Stale-doradztwo-projektowe-240x300.jpg 240w, https:\/\/fehu-nowosad.com\/wp-content\/uploads\/2024\/10\/low_Stale-doradztwo-projektowe-768x960.jpg 768w, https:\/\/fehu-nowosad.com\/wp-content\/uploads\/2024\/10\/low_Stale-doradztwo-projektowe.jpg 900w\" sizes=\"auto, (max-width: 819px) 100vw, 819px\" \/><\/figure>\n<\/div>\n<\/div>\n<\/div>\n\n\n\n<p><\/p>\n","protected":false},"excerpt":{"rendered":"<p>Oferuje wsparcie na ka\u017cdym etapie realizacji projektu. FEHU Pawe\u0142 Nowosad oferuje wsparcie na ka\u017cdym etapie realizacji projektu, dostosowuj\u0105c nasze dzia\u0142ania do indywidualnych potrzeb klienta. Zakres obowi\u0105zk\u00f3w w ramach sta\u0142ego doradztwa obejmuje: &#8211; Propozycje nowych projekt\u00f3w: \u015awiadczymy doradztwo w zakresie identyfikacji nowych temat\u00f3w projektowych, z uwzgl\u0119dnieniem wymaga\u0144 dost\u0119pnych konkurs\u00f3w&nbsp; &#8211; Analiza ryzyka: Oceniamy ryzyko zwi\u0105zane z [&hellip;]<\/p>\n","protected":false},"author":1,"featured_media":0,"parent":0,"menu_order":0,"comment_status":"closed","ping_status":"closed","template":"","meta":{"_uag_custom_page_level_css":"","footnotes":""},"class_list":["post-34","page","type-page","status-publish","hentry"],"uagb_featured_image_src":{"full":false,"thumbnail":false,"medium":false,"medium_large":false,"large":false,"1536x1536":false,"2048x2048":false},"uagb_author_info":{"display_name":"admin","author_link":"https:\/\/fehu-nowosad.com\/?author=1"},"uagb_comment_info":0,"uagb_excerpt":"Oferuje wsparcie na ka\u017cdym etapie realizacji projektu. FEHU Pawe\u0142 Nowosad oferuje wsparcie na ka\u017cdym etapie realizacji projektu, dostosowuj\u0105c nasze dzia\u0142ania do indywidualnych potrzeb klienta. Zakres obowi\u0105zk\u00f3w w ramach sta\u0142ego doradztwa obejmuje: &#8211; Propozycje nowych projekt\u00f3w: \u015awiadczymy doradztwo w zakresie identyfikacji nowych temat\u00f3w projektowych, z uwzgl\u0119dnieniem wymaga\u0144 dost\u0119pnych konkurs\u00f3w&nbsp; &#8211; Analiza ryzyka: Oceniamy ryzyko zwi\u0105zane z&hellip;","_links":{"self":[{"href":"https:\/\/fehu-nowosad.com\/index.php?rest_route=\/wp\/v2\/pages\/34","targetHints":{"allow":["GET"]}}],"collection":[{"href":"https:\/\/fehu-nowosad.com\/index.php?rest_route=\/wp\/v2\/pages"}],"about":[{"href":"https:\/\/fehu-nowosad.com\/index.php?rest_route=\/wp\/v2\/types\/page"}],"author":[{"embeddable":true,"href":"https:\/\/fehu-nowosad.com\/index.php?rest_route=\/wp\/v2\/users\/1"}],"replies":[{"embeddable":true,"href":"https:\/\/fehu-nowosad.com\/index.php?rest_route=%2Fwp%2Fv2%2Fcomments&post=34"}],"version-history":[{"count":8,"href":"https:\/\/fehu-nowosad.com\/index.php?rest_route=\/wp\/v2\/pages\/34\/revisions"}],"predecessor-version":[{"id":286,"href":"https:\/\/fehu-nowosad.com\/index.php?rest_route=\/wp\/v2\/pages\/34\/revisions\/286"}],"wp:attachment":[{"href":"https:\/\/fehu-nowosad.com\/index.php?rest_route=%2Fwp%2Fv2%2Fmedia&parent=34"}],"curies":[{"name":"wp","href":"https:\/\/api.w.org\/{rel}","templated":true}]}}