{"id":38,"date":"2024-10-24T22:17:10","date_gmt":"2024-10-24T20:17:10","guid":{"rendered":"http:\/\/fehu-nowosad.com\/?page_id=38"},"modified":"2024-10-27T18:24:53","modified_gmt":"2024-10-27T17:24:53","slug":"posrednictwo-w-kontaktach-z-instytucjami","status":"publish","type":"page","link":"https:\/\/fehu-nowosad.com\/?page_id=38","title":{"rendered":"Po\u015brednictwo w kontaktach z instytucjami"},"content":{"rendered":"\n<div class=\"wp-block-group alignfull has-accent-background-color has-background has-global-padding is-layout-constrained wp-container-core-group-is-layout-669513ed wp-block-group-is-layout-constrained\" style=\"margin-top:0;margin-bottom:0;padding-top:var(--wp--preset--spacing--50);padding-right:var(--wp--preset--spacing--50);padding-bottom:var(--wp--preset--spacing--50);padding-left:var(--wp--preset--spacing--50)\">\n<div class=\"wp-block-columns alignwide is-layout-flex wp-container-core-columns-is-layout-1da03c2a wp-block-columns-is-layout-flex\">\n<div class=\"wp-block-column is-vertically-aligned-stretch is-layout-flow wp-block-column-is-layout-flow\" style=\"flex-basis:50%\">\n<div class=\"wp-block-group is-vertical is-content-justification-stretch is-layout-flex wp-container-core-group-is-layout-444d5ee8 wp-block-group-is-layout-flex\" style=\"min-height:100%\">\n<p class=\"has-heading-font-family has-x-large-font-size\" style=\"line-height:1.2\">Pomagamy w nawi\u0105zywaniu i utrzymaniu kontakt\u00f3w z instytucjami.<\/p>\n\n\n\n<p class=\"has-small-font-size\">Dzi\u0119ki naszej wiedzy i do\u015bwiadczeniu, pomagamy w nawi\u0105zywaniu i utrzymywaniu kontakt\u00f3w z instytucjami odpowiedzialnymi za przyznawanie dofinansowa\u0144 oraz realizacj\u0119 projekt\u00f3w. Oferujemy po\u015brednictwo w kontaktach z jednostkami naukowymi, samorz\u0105dowymi oraz przedsi\u0119biorstwami.<\/p>\n\n\n\n<p class=\"has-small-font-size\">Dlaczego warto wybra\u0107 FEHU Pawe\u0142 Nowosad?<\/p>\n\n\n\n<p class=\"has-small-font-size\">Wybieraj\u0105c FEHU Pawe\u0142 Nowosad, zyskujesz partnera z do\u015bwiadczeniem i wiedz\u0105 niezb\u0119dn\u0105 do skutecznego pozyskiwania funduszy unijnych oraz krajowych. Nasze zaanga\u017cowanie oraz elastyczne podej\u015bcie gwarantuj\u0105 sukces projekt\u00f3w, kt\u00f3re przyczyniaj\u0105 si\u0119 do rozwoju innowacji oraz modernizacji infrastruktury w Polsce.<\/p>\n\n\n\n<div class=\"wp-block-buttons is-layout-flex wp-block-buttons-is-layout-flex\">\n<div class=\"wp-block-button\"><a class=\"wp-block-button__link wp-element-button\" href=\"http:\/\/fehu-nowosad.com\/?page_id=17\" style=\"border-radius:0px\">Napisz do nas<\/a><\/div>\n<\/div>\n<\/div>\n\n\n\n<p><\/p>\n<\/div>\n\n\n\n<div class=\"wp-block-column is-vertically-aligned-center is-layout-flow wp-block-column-is-layout-flow\" style=\"flex-basis:50%\">\n<figure class=\"wp-block-image size-large has-custom-border is-style-rounded wp-duotone-unset-2 is-style-rounded--1\"><img loading=\"lazy\" decoding=\"async\" width=\"1024\" height=\"740\" src=\"http:\/\/fehu-nowosad.com\/wp-content\/uploads\/2024\/10\/Posrednictwo-w-kontaktach-z-instytucjami-1024x740.jpg\" alt=\"\" class=\"wp-image-61\" style=\"border-radius:0px;aspect-ratio:3\/4;object-fit:cover\" srcset=\"https:\/\/fehu-nowosad.com\/wp-content\/uploads\/2024\/10\/Posrednictwo-w-kontaktach-z-instytucjami-1024x740.jpg 1024w, https:\/\/fehu-nowosad.com\/wp-content\/uploads\/2024\/10\/Posrednictwo-w-kontaktach-z-instytucjami-300x217.jpg 300w, https:\/\/fehu-nowosad.com\/wp-content\/uploads\/2024\/10\/Posrednictwo-w-kontaktach-z-instytucjami-768x555.jpg 768w, https:\/\/fehu-nowosad.com\/wp-content\/uploads\/2024\/10\/Posrednictwo-w-kontaktach-z-instytucjami-1536x1109.jpg 1536w, https:\/\/fehu-nowosad.com\/wp-content\/uploads\/2024\/10\/Posrednictwo-w-kontaktach-z-instytucjami-2048x1479.jpg 2048w\" sizes=\"auto, (max-width: 1024px) 100vw, 1024px\" \/><\/figure>\n<\/div>\n<\/div>\n<\/div>\n\n\n\n<p><\/p>\n","protected":false},"excerpt":{"rendered":"<p>Pomagamy w nawi\u0105zywaniu i utrzymaniu kontakt\u00f3w z instytucjami. Dzi\u0119ki naszej wiedzy i do\u015bwiadczeniu, pomagamy w nawi\u0105zywaniu i utrzymywaniu kontakt\u00f3w z instytucjami odpowiedzialnymi za przyznawanie dofinansowa\u0144 oraz realizacj\u0119 projekt\u00f3w. Oferujemy po\u015brednictwo w kontaktach z jednostkami naukowymi, samorz\u0105dowymi oraz przedsi\u0119biorstwami. Dlaczego warto wybra\u0107 FEHU Pawe\u0142 Nowosad? Wybieraj\u0105c FEHU Pawe\u0142 Nowosad, zyskujesz partnera z do\u015bwiadczeniem i wiedz\u0105 niezb\u0119dn\u0105 [&hellip;]<\/p>\n","protected":false},"author":1,"featured_media":0,"parent":0,"menu_order":0,"comment_status":"closed","ping_status":"closed","template":"","meta":{"_uag_custom_page_level_css":"","footnotes":""},"class_list":["post-38","page","type-page","status-publish","hentry"],"uagb_featured_image_src":{"full":false,"thumbnail":false,"medium":false,"medium_large":false,"large":false,"1536x1536":false,"2048x2048":false},"uagb_author_info":{"display_name":"admin","author_link":"https:\/\/fehu-nowosad.com\/?author=1"},"uagb_comment_info":0,"uagb_excerpt":"Pomagamy w nawi\u0105zywaniu i utrzymaniu kontakt\u00f3w z instytucjami. Dzi\u0119ki naszej wiedzy i do\u015bwiadczeniu, pomagamy w nawi\u0105zywaniu i utrzymywaniu kontakt\u00f3w z instytucjami odpowiedzialnymi za przyznawanie dofinansowa\u0144 oraz realizacj\u0119 projekt\u00f3w. Oferujemy po\u015brednictwo w kontaktach z jednostkami naukowymi, samorz\u0105dowymi oraz przedsi\u0119biorstwami. Dlaczego warto wybra\u0107 FEHU Pawe\u0142 Nowosad? Wybieraj\u0105c FEHU Pawe\u0142 Nowosad, zyskujesz partnera z do\u015bwiadczeniem i wiedz\u0105 niezb\u0119dn\u0105&hellip;","_links":{"self":[{"href":"https:\/\/fehu-nowosad.com\/index.php?rest_route=\/wp\/v2\/pages\/38","targetHints":{"allow":["GET"]}}],"collection":[{"href":"https:\/\/fehu-nowosad.com\/index.php?rest_route=\/wp\/v2\/pages"}],"about":[{"href":"https:\/\/fehu-nowosad.com\/index.php?rest_route=\/wp\/v2\/types\/page"}],"author":[{"embeddable":true,"href":"https:\/\/fehu-nowosad.com\/index.php?rest_route=\/wp\/v2\/users\/1"}],"replies":[{"embeddable":true,"href":"https:\/\/fehu-nowosad.com\/index.php?rest_route=%2Fwp%2Fv2%2Fcomments&post=38"}],"version-history":[{"count":6,"href":"https:\/\/fehu-nowosad.com\/index.php?rest_route=\/wp\/v2\/pages\/38\/revisions"}],"predecessor-version":[{"id":227,"href":"https:\/\/fehu-nowosad.com\/index.php?rest_route=\/wp\/v2\/pages\/38\/revisions\/227"}],"wp:attachment":[{"href":"https:\/\/fehu-nowosad.com\/index.php?rest_route=%2Fwp%2Fv2%2Fmedia&parent=38"}],"curies":[{"name":"wp","href":"https:\/\/api.w.org\/{rel}","templated":true}]}}